st common factor of i and o?
17
Suppose 0 = 5*x - x + 412. Let u = x + 279. Calculate the highest common factor of u and 16.
16
Suppose 3*o - 25 = 41. What is the greatest common factor of 22 and o?
22
Let d be ((-8)/6 + 2)*72. Suppose -4*t + 34 = 2*o, -4*t - 3*o + 39 + 0 = 0. What is the highest common divisor of d and t?
6
Let r(j) = -2*j**2 - 10*j - 1. Let y be r(-4). What is the highest common divisor of 35 and y?
7
Suppose 4*q = -0*q + 20, 3*m - 3*q - 3 = 0. Suppose m*t = 3*t. Suppose -8 = -k - t*x - x, k = 4*x + 23. What is the greatest common factor of k and 22?
11
Let l(j) be the second derivative of 2*j**3 - 2*j**2 - 3*j. Let m be l(11). Let o be ((-4)/(-2))/((-2)/(-16)). Calculate the highest common divisor of m and o.
16
Let o(p) = -3*p + 1 + 3 - 5. Let u be o(-5). Let f(b) = 11*b - 12. Let c be f(10). Calculate the highest common factor of u and c.
14
Suppose -4*q - 3 = -23. Let x be -7 + q - 18/(-2). Calculate the highest common divisor of x and 7.
7
Let g be ((-14430)/(-333))/(1 - 1/3). Calculate the greatest common divisor of 13 and g.
13
Let a = -40 + 56. What is the greatest common factor of 80 and a?
16
Suppose 4*w + 8 = 0, 2*z + 5*w = 118 + 80. Suppose 4*k + k - 550 = -5*u, 2*u = k - z. Calculate the greatest common factor of k and 12.
12
Suppose 0 = s - 5 + 1. Calculate the highest common divisor of s and 20.
4
Suppose 120 = 163*n - 158*n. Calculate the greatest common factor of 12 and n.
12
Suppose 2*i + 5*j = 2*j, 3*i + 5*j + 1 = 0. Suppose i*v - 20 = -2*v. What is the greatest common factor of v and 2?
2
Let i(v) = 6*v**2 + 7*v - 9. Let o be i(4). What is the greatest common factor of o and 69?
23
Suppose 2*g + 14 = q - 13, 5*q + 2*g = 171. Calculate the highest common divisor of 66 and q.
33
Let r(v) = v**3 + 7*v**2 + 7*v. Let d be r(-7). Let p = 121 + d. Calculate the greatest common divisor of 8 and p.
8
Let c be 16/(-3)*15/(-10). What is the highest common factor of 88 and c?
8
Let q = -8 - -11. Let w be 6/(q*4/366). Suppose -3*n - 249 = -5*l, 3*n - w = -5*l + l. Calculate the highest common divisor of l and 32.
16
Let o(b) = -b**3 + 10*b**2 - 10*b + 8. Let q be o(7). Let y = 76 + -42. Calculate the highest common factor of q and y.
17
Let j = 8 + -5. Suppose 5*t = j*t - 50. Let k = -17 - t. Calculate the greatest common factor of k and 8.
8
Suppose 0*p + 5*a - 28 = -3*p, 0 = -p - 3*a + 12. What is the highest common factor of 4 and p?
2
Suppose -5*f + 3 = o - 19, 2*f = 8. Suppose -20 = o*k - 4*k - 3*d, 0 = -5*k + 2*d + 69. Let i = -2 - -67. What is the greatest common divisor of k and i?
13
Suppose 0 = -14*l + 12*l + 8. Calculate the greatest common divisor of 4 and l.
4
Suppose 3*n - 2 = r, -r - 3*r - 4*n = -40. Suppose -r*k = -4*k - 3. Calculate the greatest common divisor of 1 and k.
1
Suppose 0 = -t, -2*m + 124 = 3*t - 0*t. Suppose -5*h = -4*z + 57, 0 = -8*z + 3*z - 3*h + m. What is the highest common divisor of z and 26?
13
Let v be 8/(-10)*(-165)/6. Let a = -2 + 7. Suppose 4*w - 3 = a. Calculate the greatest common divisor of w and v.
2
Let l(q) = -4*q - 44. Let c be l(-12). Calculate the greatest common factor of c and 10.
2
Let d be (-2 - (24 + 4))*-1. What is the greatest common factor of 60 and d?
30
Let a(b) be the second derivative of b**5/20 + 3*b**4/4 + 5*b**3/6 - 4*b**2 - 4*b. Let r be a(-6). What is the greatest common divisor of r and 28?
14
Let m = -16 + 41. What is the greatest common factor of 10 and m?
5
Suppose 4*j + 3 = 7. Calculate the highest common divisor of 11 and j.
1
Let a be (-2)/(-3) + 4449/9. Let w be (-1)/(-2) - a/(-6). Let r = w - 48. Calculate the greatest common divisor of r and 14.
7
Suppose -5*r + 5*o + 240 = 0, -5*r + 9 = 4*o - 231. Calculate the highest common factor of 120 and r.
24
Suppose 0 = 2*r - 0*g - 2*g - 54, r - 4*g - 12 = 0. Calculate the highest common factor of r and 4.
4
Suppose 5*a + 2*l - 46 = 24, -2*a - 5*l + 28 = 0. Let g be (49/a)/((-2)/(-108)). Calculate the greatest common divisor of g and 27.
27
Let y be (94/(-1))/(1 - 3). Suppose -2*j + y = -9. Calculate the greatest common divisor of j and 7.
7
Suppose 4*z - z = -5*i + 190, 0 = -3*z - 3*i + 198. Calculate the greatest common divisor of z and 28.
14
Suppose -t + 5 = 3*z, 0*t + 2*t = -z + 10. Suppose -3*b + 14 = 2*l, 3*l + 5*b + 7 - 26 = z. What is the highest common divisor of l and 65?
13
Let v(u) = -3*u**3 - 2*u**2 + 1. Let o be v(-1). Suppose -5*s + 17 = -23. What is the greatest common factor of o and s?
2
Let m(u) = -u**2 + 4*u. Let k be m(4). Let x be (3 - k) + 2/(-2). Calculate the highest common factor of 22 and x.
2
Let t = 9 - 2. Let g be (12/t)/(5/105). What is the greatest common factor of 24 and g?
12
Let f(y) = -239*y**3 + y**2 + y + 1. Let j be f(-1). Suppose 56 = -2*u + 5*x + 143, 5*u = 5*x + j. Calculate the greatest common factor of u and 34.
17
Suppose -2*n - q = -24 - 7, 4*n - 66 = 2*q. What is the greatest common divisor of n and 64?
16
Let d(y) = 11*y**2 + 4*y. Let a be d(-3). Calculate the greatest common divisor of a and 29.
29
Let c(v) = -4*v**3 - v**2 + 2*v + 1. Let q be c(2). Let h(f) = -4*f + 6. Let l be h(-10). Let d = l - q. Calculate the greatest common divisor of 11 and d.
11
Let c be (4 - 2)/(2/16). Let f(p) = 3*p**2 + 2*p - 6. Let j be f(-2). Calculate the highest common divisor of j and c.
2
Let l(p) = 15*p. Let t be 0/(-2 - (-2 + 1)). Suppose -3*f + 6 - 3 = t. Let x be l(f). Calculate the highest common factor of 30 and x.
15
Let g(k) = 6*k**2 + 4*k + 1. Let y be g(-4). Let z = 8 + -29. Let o be (-2 - z/9)*27. What is the greatest common factor of y and o?
9
Let p(d) = 0 + 6*d**2 - 1 - 7 + 0 + d**3 - 9*d. Let k be p(-7). Calculate the greatest common divisor of k and 3.
3
Let d = -29 + 76. Let x = d + 170. What is the greatest common divisor of 31 and x?
31
Let a(r) = -r**3 + r + 2. Let j be a(0). Suppose 0 = j*y - 7*y + 10. Suppose -d - y*d = -18. Calculate the highest common factor of 6 and d.
6
Suppose -2*g = d - 9 - 4, 28 = 4*d + 2*g. Let a be 1/(-1) - (-305)/d. Suppose a = -m + 2*m. What is the greatest common factor of m and 15?
15
Let o be (8 - -1)/(11/11). Calculate the highest common factor of o and 36.
9
Let d be 63/(-3)*(-36)/27. What is the greatest common divisor of d and 28?
28
Let t(o) = -o**3 + 9*o**2 - 12*o + 16. Let f be t(7). Let w(r) = 4*r - 2. Let p be w(2). Calculate the greatest common factor of f and p.
6
Suppose -90 = -2*a - k + 6*k, 0 = 5*a - 5*k - 225. Suppose o = -3, 2*i - 19 + 1 = -4*o. Calculate the highest common divisor of i and a.
15
Let i(z) = 2*z + 2. Let g be i(0). Calculate the greatest common factor of g and 1.
1
Suppose 0 = 2*w + 2*w - 468. Let x = 7 - -6. What is the highest common divisor of w and x?
13
Suppose -34*i + 30*i + 12 = 0. Calculate the highest common factor of i and 12.
3
Let x = -83 + 119. Suppose -4*j - j + 90 = 0. What is the greatest common divisor of x and j?
18
Let c(p) = p**2 - 6*p + 8. Let i be c(4). Suppose i*l + l - 6 = 0. What is the highest common divisor of l and 66?
6
Suppose 0 = -5*x + 3*w - 2*w + 197, 5*w = x - 25. What is the greatest common factor of x and 100?
20
Let y(w) = w**3 + 11*w**2 + 8*w - 9. Suppose -33 = 5*h + 17. Let i be y(h). Calculate the greatest common factor of 88 and i.
11
Let o = 139 + -97. What is the greatest common factor of o and 6?
6
Let w = 44 + -15. What is the greatest common factor of 203 and w?
29
Let g(q) = -q**3 + 13*q**2 + 17*q - 12. Let x be g(14). Calculate the greatest common divisor of 10 and x.
10
Suppose 0 = -2*v + 2*f + 304, -v = 2*f - 13 - 145. Let k = 36 - 22. Calculate the greatest common factor of k and v.
14
Let o = -20 + 27. Let r(c) = -c**2 + 8*c + 2. Let j be r(o). What is the highest common factor of j and 81?
9
Suppose s = -4, r + s = 4*s + 120. What is the greatest common divisor of 27 and r?
27
Let o(m) = -m**2 + 2*m + 2. Let f be o(7). Let y = -7 - f. What is the highest common divisor of y and 26?
26
Let k(t) = t**3 - 14*t**2 - 14*t - 1. Let c be k(15). Calculate the greatest common factor of c and 28.
14
Suppose -5*s = -4*b + 7, -b + 2*b + 2*s = 5. Let c = 28 - 4. Suppose n = b*n - c. What is the highest common factor of 4 and n?
4
Suppose h - 47 + 1 = 0. Calculate the highest common divisor of 92 and h.
46
Suppose 2*m = m + 3, 2*m + 18 = 2*